{"id":15514,"date":"2020-02-01T07:42:06","date_gmt":"2020-02-01T12:42:06","guid":{"rendered":"https:\/\/levasseur.org\/?page_id=15514"},"modified":"2023-10-22T08:11:42","modified_gmt":"2023-10-22T12:11:42","slug":"charte","status":"publish","type":"page","link":"https:\/\/levasseur.org\/fr\/charte\/","title":{"rendered":"Protection des donn\u00e9es"},"content":{"rendered":"<h1 style=\"text-align: center;\">Charte de protection des donn\u00e9es<\/h1>\n<hr \/>\n<p><strong>Protection des donn\u00e9es <\/strong><\/p>\n<p>Les propri\u00e9taires de ce site prennent tr\u00e8s au s\u00e9rieux la protection de vos donn\u00e9es personnelles. Nous traitons vos donn\u00e9es personnelles de mani\u00e8re confidentielle, conform\u00e9ment aux dispositions l\u00e9gales en mati\u00e8re de protection des donn\u00e9es et \u00e0 la pr\u00e9sente politique de protection des donn\u00e9es.<\/p>\n<p>L&rsquo;utilisation de notre site Web est possible sans fournir de donn\u00e9es personnelles. Lorsque des renseignements personnels sont demand\u00e9s (par exemple, le nom et l&rsquo;adresse couriel sur le formulaire de contact), le production de ces renseignements rel\u00e8ve de votre libre arbitre et de votre responsabilit\u00e9. Ces donn\u00e9es ne seront pas transmises \u00e0 d&rsquo;autres personnes.<\/p>\n<p>Nous attirons votre attention sur le fait que l&rsquo;envoi d&rsquo;informations sur Internet peut \u00eatre sujet \u00e0 des probl\u00e8mes de s\u00e9curit\u00e9. Une protection compl\u00e8te des donn\u00e9es contre l&rsquo;acc\u00e8s par des tiers pourrait ne pas \u00eatre possible.<\/p>\n<p><strong>Cookies (sur le site des bases de donn\u00e9es)<\/strong><\/p>\n<p>Ce site Web peut utilise des cookies. Les cookies n&rsquo;endommagent pas votre ordinateur et ne contiennent pas de virus. Les cookies remplissent des fonctions importantes dans le fonctionnement de ce site. Les cookies sont de petits fichiers texte qui sont stock\u00e9s sur votre ordinateur par votre navigateur.<\/p>\n<p>La plupart des cookies que nous utilisons sont des \u00ab\u00a0cookies de session\u00a0\u00bb. Ils sont automatiquement supprim\u00e9s lorsque vous fermez votre navigateur. D&rsquo;autres cookies restent stock\u00e9s sur votre appareil jusqu&rsquo;\u00e0 ce que vous les supprimiez. Ces cookies nous permettent de reconna\u00eetre votre navigateur lors de votre prochaine visite et de restaurer certaines de vos pr\u00e9f\u00e9rences (comme votre langue pr\u00e9f\u00e9r\u00e9e).<\/p>\n<p>Vous pouvez param\u00e8trer votre navigateur pour \u00eatre inform\u00e9 de la configuration des cookies et n&rsquo;autoriser les cookies que dans certains cas. La d\u00e9sactivation des cookies peut limiter la fonctionnalit\u00e9 de ce site Web..<\/p>\n<p><strong>Formulaire de contact<\/strong><\/p>\n<p>Si vous nous envoyez des demandes via le formulaire de contact, vos donn\u00e9es du formulaire de demande, y compris les coordonn\u00e9es que vous y avez fournies, seront stock\u00e9es afin de traiter la demande et en cas de questions compl\u00e9mentaires. Bien entendu, nous ne transmettrons pas ces donn\u00e9es.<\/p>\n<p><strong>Droit \u00e0 l&rsquo;information, \u00e0 l&rsquo;annulation, au blocage<\/strong><\/p>\n<p>Vous avez \u00e0 tout moment le droit d&rsquo;obtenir des informations sur vos donn\u00e9es personnelles stock\u00e9es, leur origine, leurs destinataires et la finalit\u00e9 de tout traitement ou transmission, ainsi qu&rsquo;un droit de rectification, de blocage ou de suppression de ces donn\u00e9es. Pour plus d&rsquo;informations sur les donn\u00e9es personnelles, <a href=\"mailto:president@levasseur.org\">vous pouvez nous contacter \u00e0 tout moment<\/a> (ce message sera envoy\u00e9 au responsable de l&rsquo;application de cette charte, le pr\u00e9sident de l&rsquo;association).<\/p>\n","protected":false},"excerpt":{"rendered":"<p>Charte de protection des donn\u00e9es Protection des donn\u00e9es Les propri\u00e9taires  [&#8230;]<\/p>\n","protected":false},"author":1,"featured_media":0,"parent":0,"menu_order":0,"comment_status":"closed","ping_status":"closed","template":"","meta":{"footnotes":""},"class_list":["post-15514","page","type-page","status-publish","hentry"],"yoast_head":"<!-- This site is optimized with the Yoast SEO plugin v27.4 - https:\/\/yoast.com\/product\/yoast-seo-wordpress\/ -->\n<title>Protection des donn\u00e9es - Familles Levasseur et Carmel<\/title>\n<meta name=\"description\" content=\"L\u2019Association des Levasseur et Carmel d\u2019Am\u00e9rique vous permet de consulter : documents historiques concernant les anc\u00eatres Jean, Pierre et Laurent Levasseur arriv\u00e9s en Nouvelle-France au 17e si\u00e8cle. Informations, objectifs, activit\u00e9s et rassemblements.\" \/>\n<meta name=\"robots\" content=\"index, follow, max-snippet:-1, max-image-preview:large, max-video-preview:-1\" \/>\n<link rel=\"canonical\" href=\"https:\/\/levasseur.org\/fr\/charte\/\" \/>\n<meta property=\"og:locale\" content=\"fr_FR\" \/>\n<meta property=\"og:type\" content=\"article\" \/>\n<meta property=\"og:title\" content=\"Protection des donn\u00e9es - Familles Levasseur et Carmel\" \/>\n<meta property=\"og:description\" content=\"L\u2019Association des Levasseur et Carmel d\u2019Am\u00e9rique vous permet de consulter : documents historiques concernant les anc\u00eatres Jean, Pierre et Laurent Levasseur arriv\u00e9s en Nouvelle-France au 17e si\u00e8cle. Informations, objectifs, activit\u00e9s et rassemblements.\" \/>\n<meta property=\"og:url\" content=\"https:\/\/levasseur.org\/fr\/charte\/\" \/>\n<meta property=\"og:site_name\" content=\"Familles Levasseur et Carmel\" \/>\n<meta property=\"article:publisher\" content=\"https:\/\/www.facebook.com\/associationlevasseur\" \/>\n<meta property=\"article:modified_time\" content=\"2023-10-22T12:11:42+00:00\" \/>\n<meta name=\"twitter:card\" content=\"summary_large_image\" \/>\n<meta name=\"twitter:label1\" content=\"Dur\u00e9e de lecture estim\u00e9e\" \/>\n\t<meta name=\"twitter:data1\" content=\"2 minutes\" \/>\n<script type=\"application\/ld+json\" class=\"yoast-schema-graph\">{\"@context\":\"https:\\\/\\\/schema.org\",\"@graph\":[{\"@type\":\"WebPage\",\"@id\":\"https:\\\/\\\/levasseur.org\\\/fr\\\/charte\\\/\",\"url\":\"https:\\\/\\\/levasseur.org\\\/fr\\\/charte\\\/\",\"name\":\"Protection des donn\u00e9es - Familles Levasseur et Carmel\",\"isPartOf\":{\"@id\":\"https:\\\/\\\/levasseur.org\\\/fr\\\/#website\"},\"datePublished\":\"2020-02-01T12:42:06+00:00\",\"dateModified\":\"2023-10-22T12:11:42+00:00\",\"description\":\"L\u2019Association des Levasseur et Carmel d\u2019Am\u00e9rique vous permet de consulter : documents historiques concernant les anc\u00eatres Jean, Pierre et Laurent Levasseur arriv\u00e9s en Nouvelle-France au 17e si\u00e8cle. Informations, objectifs, activit\u00e9s et rassemblements.\",\"breadcrumb\":{\"@id\":\"https:\\\/\\\/levasseur.org\\\/fr\\\/charte\\\/#breadcrumb\"},\"inLanguage\":\"fr-FR\",\"potentialAction\":[{\"@type\":\"ReadAction\",\"target\":[\"https:\\\/\\\/levasseur.org\\\/fr\\\/charte\\\/\"]}]},{\"@type\":\"BreadcrumbList\",\"@id\":\"https:\\\/\\\/levasseur.org\\\/fr\\\/charte\\\/#breadcrumb\",\"itemListElement\":[{\"@type\":\"ListItem\",\"position\":1,\"name\":\"Accueil\",\"item\":\"https:\\\/\\\/levasseur.org\\\/fr\\\/\"},{\"@type\":\"ListItem\",\"position\":2,\"name\":\"Protection des donn\u00e9es\"}]},{\"@type\":\"WebSite\",\"@id\":\"https:\\\/\\\/levasseur.org\\\/fr\\\/#website\",\"url\":\"https:\\\/\\\/levasseur.org\\\/fr\\\/\",\"name\":\"Familles Levasseur & Carmel\",\"description\":\"Du mieux que je puis\",\"publisher\":{\"@id\":\"https:\\\/\\\/levasseur.org\\\/fr\\\/#organization\"},\"potentialAction\":[{\"@type\":\"SearchAction\",\"target\":{\"@type\":\"EntryPoint\",\"urlTemplate\":\"https:\\\/\\\/levasseur.org\\\/fr\\\/?s={search_term_string}\"},\"query-input\":{\"@type\":\"PropertyValueSpecification\",\"valueRequired\":true,\"valueName\":\"search_term_string\"}}],\"inLanguage\":\"fr-FR\"},{\"@type\":\"Organization\",\"@id\":\"https:\\\/\\\/levasseur.org\\\/fr\\\/#organization\",\"name\":\"Association des Levasseur d'Am\u00e9rique\",\"url\":\"https:\\\/\\\/levasseur.org\\\/fr\\\/\",\"logo\":{\"@type\":\"ImageObject\",\"inLanguage\":\"fr-FR\",\"@id\":\"https:\\\/\\\/levasseur.org\\\/fr\\\/#\\\/schema\\\/logo\\\/image\\\/\",\"url\":\"https:\\\/\\\/levasseur.org\\\/wp-content\\\/uploads\\\/2019\\\/04\\\/blason_nouv.gif\",\"contentUrl\":\"https:\\\/\\\/levasseur.org\\\/wp-content\\\/uploads\\\/2019\\\/04\\\/blason_nouv.gif\",\"width\":500,\"height\":487,\"caption\":\"Association des Levasseur d'Am\u00e9rique\"},\"image\":{\"@id\":\"https:\\\/\\\/levasseur.org\\\/fr\\\/#\\\/schema\\\/logo\\\/image\\\/\"},\"sameAs\":[\"https:\\\/\\\/www.facebook.com\\\/associationlevasseur\"]}]}<\/script>\n<!-- \/ Yoast SEO plugin. -->","yoast_head_json":{"title":"Protection des donn\u00e9es - Familles Levasseur et Carmel","description":"L\u2019Association des Levasseur et Carmel d\u2019Am\u00e9rique vous permet de consulter : documents historiques concernant les anc\u00eatres Jean, Pierre et Laurent Levasseur arriv\u00e9s en Nouvelle-France au 17e si\u00e8cle. Informations, objectifs, activit\u00e9s et rassemblements.","robots":{"index":"index","follow":"follow","max-snippet":"max-snippet:-1","max-image-preview":"max-image-preview:large","max-video-preview":"max-video-preview:-1"},"canonical":"https:\/\/levasseur.org\/fr\/charte\/","og_locale":"fr_FR","og_type":"article","og_title":"Protection des donn\u00e9es - Familles Levasseur et Carmel","og_description":"L\u2019Association des Levasseur et Carmel d\u2019Am\u00e9rique vous permet de consulter : documents historiques concernant les anc\u00eatres Jean, Pierre et Laurent Levasseur arriv\u00e9s en Nouvelle-France au 17e si\u00e8cle. Informations, objectifs, activit\u00e9s et rassemblements.","og_url":"https:\/\/levasseur.org\/fr\/charte\/","og_site_name":"Familles Levasseur et Carmel","article_publisher":"https:\/\/www.facebook.com\/associationlevasseur","article_modified_time":"2023-10-22T12:11:42+00:00","twitter_card":"summary_large_image","twitter_misc":{"Dur\u00e9e de lecture estim\u00e9e":"2 minutes"},"schema":{"@context":"https:\/\/schema.org","@graph":[{"@type":"WebPage","@id":"https:\/\/levasseur.org\/fr\/charte\/","url":"https:\/\/levasseur.org\/fr\/charte\/","name":"Protection des donn\u00e9es - Familles Levasseur et Carmel","isPartOf":{"@id":"https:\/\/levasseur.org\/fr\/#website"},"datePublished":"2020-02-01T12:42:06+00:00","dateModified":"2023-10-22T12:11:42+00:00","description":"L\u2019Association des Levasseur et Carmel d\u2019Am\u00e9rique vous permet de consulter : documents historiques concernant les anc\u00eatres Jean, Pierre et Laurent Levasseur arriv\u00e9s en Nouvelle-France au 17e si\u00e8cle. Informations, objectifs, activit\u00e9s et rassemblements.","breadcrumb":{"@id":"https:\/\/levasseur.org\/fr\/charte\/#breadcrumb"},"inLanguage":"fr-FR","potentialAction":[{"@type":"ReadAction","target":["https:\/\/levasseur.org\/fr\/charte\/"]}]},{"@type":"BreadcrumbList","@id":"https:\/\/levasseur.org\/fr\/charte\/#breadcrumb","itemListElement":[{"@type":"ListItem","position":1,"name":"Accueil","item":"https:\/\/levasseur.org\/fr\/"},{"@type":"ListItem","position":2,"name":"Protection des donn\u00e9es"}]},{"@type":"WebSite","@id":"https:\/\/levasseur.org\/fr\/#website","url":"https:\/\/levasseur.org\/fr\/","name":"Familles Levasseur & Carmel","description":"Du mieux que je puis","publisher":{"@id":"https:\/\/levasseur.org\/fr\/#organization"},"potentialAction":[{"@type":"SearchAction","target":{"@type":"EntryPoint","urlTemplate":"https:\/\/levasseur.org\/fr\/?s={search_term_string}"},"query-input":{"@type":"PropertyValueSpecification","valueRequired":true,"valueName":"search_term_string"}}],"inLanguage":"fr-FR"},{"@type":"Organization","@id":"https:\/\/levasseur.org\/fr\/#organization","name":"Association des Levasseur d'Am\u00e9rique","url":"https:\/\/levasseur.org\/fr\/","logo":{"@type":"ImageObject","inLanguage":"fr-FR","@id":"https:\/\/levasseur.org\/fr\/#\/schema\/logo\/image\/","url":"https:\/\/levasseur.org\/wp-content\/uploads\/2019\/04\/blason_nouv.gif","contentUrl":"https:\/\/levasseur.org\/wp-content\/uploads\/2019\/04\/blason_nouv.gif","width":500,"height":487,"caption":"Association des Levasseur d'Am\u00e9rique"},"image":{"@id":"https:\/\/levasseur.org\/fr\/#\/schema\/logo\/image\/"},"sameAs":["https:\/\/www.facebook.com\/associationlevasseur"]}]}},"_links":{"self":[{"href":"https:\/\/levasseur.org\/fr\/wp-json\/wp\/v2\/pages\/15514","targetHints":{"allow":["GET"]}}],"collection":[{"href":"https:\/\/levasseur.org\/fr\/wp-json\/wp\/v2\/pages"}],"about":[{"href":"https:\/\/levasseur.org\/fr\/wp-json\/wp\/v2\/types\/page"}],"author":[{"embeddable":true,"href":"https:\/\/levasseur.org\/fr\/wp-json\/wp\/v2\/users\/1"}],"replies":[{"embeddable":true,"href":"https:\/\/levasseur.org\/fr\/wp-json\/wp\/v2\/comments?post=15514"}],"version-history":[{"count":0,"href":"https:\/\/levasseur.org\/fr\/wp-json\/wp\/v2\/pages\/15514\/revisions"}],"wp:attachment":[{"href":"https:\/\/levasseur.org\/fr\/wp-json\/wp\/v2\/media?parent=15514"}],"curies":[{"name":"wp","href":"https:\/\/api.w.org\/{rel}","templated":true}]}}

Protection des données

<h1 style="text-align: center;">Charte de protection des données</h1>
<hr />
<p><strong>Protection des données </strong></p>
<p>Les propriétaires de ce site prennent très au sérieux la protection de vos données personnelles. Nous traitons vos données personnelles de manière confidentielle, conformément aux dispositions légales en matière de protection des données et à la présente politique de protection des données.</p>
<p>L&rsquo;utilisation de notre site Web est possible sans fournir de données personnelles. Lorsque des renseignements personnels sont demandés (par exemple, le nom et l&rsquo;adresse couriel sur le formulaire de contact), le production de ces renseignements relève de votre libre arbitre et de votre responsabilité. Ces données ne seront pas transmises à d&rsquo;autres personnes.</p>
<p>Nous attirons votre attention sur le fait que l&rsquo;envoi d&rsquo;informations sur Internet peut être sujet à des problèmes de sécurité. Une protection complète des données contre l&rsquo;accès par des tiers pourrait ne pas être possible.</p>
<p><strong>Cookies (sur le site des bases de données)</strong></p>
<p>Ce site Web peut utilise des cookies. Les cookies n&rsquo;endommagent pas votre ordinateur et ne contiennent pas de virus. Les cookies remplissent des fonctions importantes dans le fonctionnement de ce site. Les cookies sont de petits fichiers texte qui sont stockés sur votre ordinateur par votre navigateur.</p>
<p>La plupart des cookies que nous utilisons sont des « cookies de session ». Ils sont automatiquement supprimés lorsque vous fermez votre navigateur. D&rsquo;autres cookies restent stockés sur votre appareil jusqu&rsquo;à ce que vous les supprimiez. Ces cookies nous permettent de reconnaître votre navigateur lors de votre prochaine visite et de restaurer certaines de vos préférences (comme votre langue préférée).</p>
<p>Vous pouvez paramètrer votre navigateur pour être informé de la configuration des cookies et n&rsquo;autoriser les cookies que dans certains cas. La désactivation des cookies peut limiter la fonctionnalité de ce site Web..</p>
<p><strong>Formulaire de contact</strong></p>
<p>Si vous nous envoyez des demandes via le formulaire de contact, vos données du formulaire de demande, y compris les coordonnées que vous y avez fournies, seront stockées afin de traiter la demande et en cas de questions complémentaires. Bien entendu, nous ne transmettrons pas ces données.</p>
<p><strong>Droit à l&rsquo;information, à l&rsquo;annulation, au blocage</strong></p>
<p>Vous avez à tout moment le droit d&rsquo;obtenir des informations sur vos données personnelles stockées, leur origine, leurs destinataires et la finalité de tout traitement ou transmission, ainsi qu&rsquo;un droit de rectification, de blocage ou de suppression de ces données. Pour plus d&rsquo;informations sur les données personnelles, <a href="mailto:president@levasseur.org">vous pouvez nous contacter à tout moment</a> (ce message sera envoyé au responsable de l&rsquo;application de cette charte, le président de l&rsquo;association).</p>

<p>Charte de protection des données Protection des données Les propriétaires  [&#8230;]</p>

<!-- This site is optimized with the Yoast SEO plugin v27.4 - https://yoast.com/product/yoast-seo-wordpress/ -->
<title>Protection des données - Familles Levasseur et Carmel</title>
<meta name="description" content="L’Association des Levasseur et Carmel d’Amérique vous permet de consulter : documents historiques concernant les ancêtres Jean, Pierre et Laurent Levasseur arrivés en Nouvelle-France au 17e siècle. Informations, objectifs, activités et rassemblements." />
<meta name="robots" content="index, follow, max-snippet:-1, max-image-preview:large, max-video-preview:-1" />
<link rel="canonical" href="https://levasseur.org/fr/charte/" />
<meta property="og:locale" content="fr_FR" />
<meta property="og:type" content="article" />
<meta property="og:title" content="Protection des données - Familles Levasseur et Carmel" />
<meta property="og:description" content="L’Association des Levasseur et Carmel d’Amérique vous permet de consulter : documents historiques concernant les ancêtres Jean, Pierre et Laurent Levasseur arrivés en Nouvelle-France au 17e siècle. Informations, objectifs, activités et rassemblements." />
<meta property="og:url" content="https://levasseur.org/fr/charte/" />
<meta property="og:site_name" content="Familles Levasseur et Carmel" />
<meta property="article:publisher" content="https://www.facebook.com/associationlevasseur" />
<meta property="article:modified_time" content="2023-10-22T12:11:42+00:00" />
<meta name="twitter:card" content="summary_large_image" />
<meta name="twitter:label1" content="Durée de lecture estimée" />
	<meta name="twitter:data1" content="2 minutes" />
<script type="application/ld+json" class="yoast-schema-graph">{"@context":"https:\/\/schema.org","@graph":[{"@type":"WebPage","@id":"https:\/\/levasseur.org\/fr\/charte\/","url":"https:\/\/levasseur.org\/fr\/charte\/","name":"Protection des données - Familles Levasseur et Carmel","isPartOf":{"@id":"https:\/\/levasseur.org\/fr\/#website"},"datePublished":"2020-02-01T12:42:06+00:00","dateModified":"2023-10-22T12:11:42+00:00","description":"L’Association des Levasseur et Carmel d’Amérique vous permet de consulter : documents historiques concernant les ancêtres Jean, Pierre et Laurent Levasseur arrivés en Nouvelle-France au 17e siècle. Informations, objectifs, activités et rassemblements.","breadcrumb":{"@id":"https:\/\/levasseur.org\/fr\/charte\/#breadcrumb"},"inLanguage":"fr-FR","potentialAction":[{"@type":"ReadAction","target":["https:\/\/levasseur.org\/fr\/charte\/"]}]},{"@type":"BreadcrumbList","@id":"https:\/\/levasseur.org\/fr\/charte\/#breadcrumb","itemListElement":[{"@type":"ListItem","position":1,"name":"Accueil","item":"https:\/\/levasseur.org\/fr\/"},{"@type":"ListItem","position":2,"name":"Protection des données"}]},{"@type":"WebSite","@id":"https:\/\/levasseur.org\/fr\/#website","url":"https:\/\/levasseur.org\/fr\/","name":"Familles Levasseur & Carmel","description":"Du mieux que je puis","publisher":{"@id":"https:\/\/levasseur.org\/fr\/#organization"},"potentialAction":[{"@type":"SearchAction","target":{"@type":"EntryPoint","urlTemplate":"https:\/\/levasseur.org\/fr\/?s={search_term_string}"},"query-input":{"@type":"PropertyValueSpecification","valueRequired":true,"valueName":"search_term_string"}}],"inLanguage":"fr-FR"},{"@type":"Organization","@id":"https:\/\/levasseur.org\/fr\/#organization","name":"Association des Levasseur d'Amérique","url":"https:\/\/levasseur.org\/fr\/","logo":{"@type":"ImageObject","inLanguage":"fr-FR","@id":"https:\/\/levasseur.org\/fr\/#\/schema\/logo\/image\/","url":"https:\/\/levasseur.org\/wp-content\/uploads\/2019\/04\/blason_nouv.gif","contentUrl":"https:\/\/levasseur.org\/wp-content\/uploads\/2019\/04\/blason_nouv.gif","width":500,"height":487,"caption":"Association des Levasseur d'Amérique"},"image":{"@id":"https:\/\/levasseur.org\/fr\/#\/schema\/logo\/image\/"},"sameAs":["https:\/\/www.facebook.com\/associationlevasseur"]}]}</script>
<!-- / Yoast SEO plugin. -->

Protection des données - Familles Levasseur et Carmel

L’Association des Levasseur et Carmel d’Amérique vous permet de consulter : documents historiques concernant les ancêtres Jean, Pierre et Laurent Levasseur arrivés en Nouvelle-France au 17e siècle. Informations, objectifs, activités et rassemblements.

Association des Levasseur d'Amérique
